se 609 = 16*t - 9*t. Calculate the remainder when t is divided by f(-12).
42
Let w(i) = 2*i + 6*i - i**2 - 42 + 0*i**2 + 32. What is the remainder when 10 is divided by w(6)?
0
Let v = 1949 + -1898. What is the remainder when 172 is divided by v?
19
Calculate the remainder when 1047 is divided by -6 + (10 + 3 - -3).
7
Suppose -9 = 2*x + 5. Let z = 5 + x. What is the remainder when 47 is divided by (z + 0)*(-18)/3?
11
Suppose 3*d - 5 - 7 = 0. Suppose -5*v + 2*q - 8 = q, -10 = v - 3*q. Let r(t) = -21*t - 4. What is the remainder when r(v) is divided by d?
1
Let h be (3 + 1)*1/1. Let d = h - 8. Calculate the remainder when ((-214)/d)/((-1)/(-2)) is divided by 27.
26
Let n = -55 - -61. What is the remainder when 4/n - 2680/(-30) is divided by 31?
28
Let w(f) = f - 2. Let q(g) = 420*g + 2106. What is the remainder when q(-5) is divided by w(5)?
0
What is the remainder when -6 + -17*4*(-35)/28 is divided by 30*(-1)/(3/(-2))?
19
Let a(b) = -3*b + 26. Let g be a(-6). Suppose l = 140 + g. Calculate the remainder when l is divided by 31.
29
Let m = 89 - 62. Let a = 77 - 71. What is the remainder when m is divided by a?
3
Let v be (-4)/18 - 865/(-45). Suppose -2 + v = -q. Let g = q + 30. Calculate the remainder when g is divided by 7.
6
Let a be -12*(-1 + (-9)/12). Let b = -41 + a. Let p = 34 + b. What is the remainder when 24 is divided by p?
10
Let f be 0 + 4 + 4 + -7. Suppose 0 = -2*d + 4*d - 4*i - 14, 28 = -d - 5*i. Calculate the remainder when 2 - (135/d + f) is divided by 12.
10
Let a be 4/(-34) + 3792/(-136). Let d = 49 + a. Suppose -2*f - 2*q = 2*f - 22, 3*f = 5*q + 23. Calculate the remainder when d is divided by f.
3
Suppose -3*c = 4*l - 69, -2*c - l = 3*l - 42. What is the remainder when 3/(((-27)/(-240))/3) is divided by c?
26
What is the remainder when (-20)/(813/(-270) + (5 - 2)) is divided by 17?
15
Suppose -224 = 35*j - 42*j. Let r be (-3)/(-9) - 10/(-6). Suppose 4*h - 45 = -0*v - 3*v, h = r*v + 3. What is the remainder when j is divided by h?
5
Let w = -159 - -162. Suppose -60 + 594 = w*t. Calculate the remainder when t is divided by 20.
18
Let k be (1 - -1) + 1 + -2. Let q = 2883 + -2816. What is the remainder when q is divided by 2*(-30)/(-4) - k?
11
Suppose -410 = -13*o + 3*o. What is the remainder when 68 is divided by o?
27
Let z(b) = b + 1. Let q be z(3). Suppose q*j + 92 = 616. Calculate the remainder when j is divided by 33.
32
Suppose 3*s - 215 = -4*g, 158 = 2*s - 13*g + 12*g. What is the remainder when s is divided by 10?
7
Let x = 173 - 147. What is the remainder when x is divided by 6?
2
Suppose -s - 6 = -3*f, -5 + 14 = 3*f. Suppose -h - t = -34, -4*h - 15 = -5*t - 106. Suppose -s*q = -2*q - h. Calculate the remainder when q is divided by 15.
14
Let w(i) = -9*i**3 + 4. Let f = -180 - -219. Calculate the remainder when w(-2) is divided by f.
37
Let c(o) = 13*o + 122. What is the remainder when 184 is divided by c(-8)?
4
Let z(g) = -g**3 + 92*g**2 + 186*g + 193. Suppose 5*q = -3*v + 70, -5*v + 1 - 111 = -5*q. Calculate the remainder when q is divided by z(94).
2
Suppose 5*h = 14 + 1. Suppose -h*p + 80 = -p. What is the remainder when 117 is divided by p?
37
Let x(m) = 3*m**2 + 34*m - 12. Let w(n) = -n - 11. Let y be w(-9). Calculate the remainder when 3/(-1)*22/y is divided by x(-12).
9
Let y(t) = t**3 - 4*t**2 + 6*t + 7. Let x be (-18)/3*2/(-3). Suppose -2*a - d - 2 = 3*d, x*d - 13 = -5*a. Calculate the remainder when y(a) is divided by 16.
14
Let x(p) = -p**3 - 26*p**2 - 21*p + 163. Calculate the remainder when 309 is divided by x(-25).
57
Suppose 2*p - 29 = -5*x, x + x - 66 = -4*p. Suppose -2*y = -3*y + 6. Suppose -y*n + 11*n - 50 = 0. What is the remainder when p is divided by n?
7
Let y = -528 - -559. What is the remainder when 57 is divided by y?
26
Let k = -15 + 76. What is the remainder when 118 is divided by k?
57
Let l(r) = 84*r**2 + 3*r - 6. Calculate the remainder when l(2) is divided by 34.
30
Suppose -51 = 40*f - 43*f. Let i = 292 + -420. Let m = -78 - i. Calculate the remainder when m is divided by f.
16
Suppose 0 = 5*z + 25, 164 - 24 = 3*o + 2*z. Calculate the remainder when o is divided by (64/6)/((-18)/(-27)).
2
Suppose -15 - 6 = -3*w + 4*l, -15 = 5*l. Let p(y) = -y**3 + 6*y**2 - 5. Let g be p(5). Suppose t = -t + g. Calculate the remainder when t is divided by w.
1
Let l = -117 - -51. Suppose -195 + 27 = -7*q. What is the remainder when 4/((-8)/(-6)) - l is divided by q?
21
Suppose 2*m = i + 10, -m + 2*m + 5*i = 27. Let p = -3 - m. Let u = p - -26. What is the remainder when 29 is divided by u?
13
Let y = -14 + 18. What is the remainder when ((-22)/5)/(y/(-40)) is divided by 12?
8
What is the remainder when 1644 is divided by 70*(-14 - -17)/(3 + 3)?
34
What is the remainder when (-4)/(-4) - 1224/(-3) is divided by 82?
81
What is the remainder when 147 is divided by ((-195)/(-26))/((-15)/(-12))?
3
Suppose 5*k = -h + 113, 15*h - 17*h + 5*k + 181 = 0. What is the remainder when 312 is divided by h?
18
Let z(q) = -3*q + 6. Let p(w) = -3*w - 1. Calculate the remainder when z(-5) is divided by p(-3).
5
Let w(c) = 41*c + 132. Calculate the remainder when 282 is divided by w(0).
18
Let j be ((-81)/(-15))/((-9)/(-30)). Let a = -9 + j. Calculate the remainder when a is divided by 3.
0
Suppose -4*m + 39 = -13. Let p = 0 + 3. Suppose p*y = -y + 100. Calculate the remainder when y is divided by m.
12
Let a = 78 + 8. Suppose 0 = 3*f + 2*b - 0*b - 22, -4*f = -5*b + 9. Suppose 3*m + 46 = 3*p + 7*m, -p + f*m = -42. What is the remainder when a is divided by p?
20
Suppose 0 = -103*l + 114*l - 781. What is the remainder when l is divided by 8?
7
Let i = 25 + -37. Suppose -13 = -5*l + 7. What is the remainder when 3/(i/(-49))*l is divided by 13?
10
Let s(j) = 2*j - 12. Let t be s(6). Suppose -a - 4*u + 90 = t, -4*a - 3*u + 6*u + 322 = 0. What is the remainder when a is divided by 17?
14
Let h = 36 - 32. What is the remainder when 29 is divided by 3*(1390/210 + h/(-14))?
10
Let w(u) be the second derivative of u**5/20 - 2*u**4/3 + u**3 - 37*u**2/2 + 9*u - 3. What is the remainder when 29 is divided by w(8)?
7
Let n(l) = l**3 - 3*l**2 - 9*l - 3. Let x be n(5). Suppose 0 = 2*j - x*y + 6 - 36, -y = -2*j + 33. What is the remainder when 143 is divided by j?
17
What is the remainder when 791 is divided by (-1 + 1)*-1 + (1 - -98)?
98
Let q(z) = 47*z + 163. What is the remainder when 52 is divided by q(-3)?
8
Suppose -1389 + 329 = -4*f. Calculate the remainder when f is divided by 45.
40
Let q(t) = -t**3 - 10*t**2 - 10*t + 11. Suppose 2*v + 10*v = 924. What is the remainder when v is divided by q(-9)?
17
Suppose 0 = -w + 4*h - 166, 3*w - 5*h = 4*w + 202. What is the remainder when 61 is divided by w/(-21) - 1/(-3)?
7
Let s(g) be the third derivative of -g**5/60 - g**4/6 + 2*g**3/3 + g**2. Let t be s(-4). What is the remainder when 10 is divided by ((-3)/t - 0)*-8?
4
Let p(c) = c**3 - 3*c**2 - 3*c + 4. Let n be p(4). Let b(s) = 2*s + 4. Let i(j) = 13*j**2 + 9*j - 11. Calculate the remainder when i(2) is divided by b(n).
19
Let s be (-82*1/(-3))/((-16)/(-24)). Let a = s - 3. Calculate the remainder when a is divided by 14.
10
What is the remainder when 169 + (-7 - 0) + -3 is divided by 58?
43
Suppose -50 = -3*l + 5*m, 0*m - 90 = -3*l - 3*m. Suppose 4*x - c = l, -2*c = 3*c + 5. What is the remainder when 2/(-1) + x + 9 is divided by 5?
3
Let c(k) = -k**2 + 13*k - 3. Calculate the remainder when 25 is divided by c(12).
7
Let o = -1108 - -1126. Calculate the remainder when 461 is divided by o.
11
Suppose 7*y + 14*y = 1848. What is the remainder when y is divided by 30?
28
Suppose -5*b = -5*s + 130, 0 = -3*b - 2*s - 72 - 1. Let w be ((-4)/5)/(5/b). What is the remainder when (w + -2 + -1)*19 is divided by 10?
9
Let h(k) be the first derivative of k**4/2 + k**3 - 3*k**2 - 29. Calculate the remainder when 78 is divided by h(2).
14
Let b(s) = s**2 - 11*s + 85. Calculate the remainder when 126 is divided by b(8).
4
Suppose 444 = 9*k - 195. What is the remainder when k is divided by 17?
3
Let f(y) = -y**3 + 6*y**2 + 7*y + 17. Calculate the remainder when f(7) is divided by 4.
1
Let v(s) = s + 11. Let n be v(-11). Suppose n*y - y = -2. Suppose 7*a - 5*w = y*a + 75, -3*w - 63 = -4*a. What is the remainder when 35 is divided by a?
17
Let r = -4 